*4 - 1/120*d**6 + 0*d - d**2. Determine s(-4).
0
Let m = 10 + -6. Let b(d) = -d**3 + 5*d**2 - 4*d + 1. What is b(m)?
1
Let l be 3/((-5)/(30/(-9))). Suppose -r + l*r = -5. Let k(t) = -4*t + 11. Let p(z) = z - 1. Let m(n) = r*p(n) - k(n). What is m(0)?
-6
Let w(s) be the first derivative of -s**7/840 - s**6/72 + s**5/120 + s**4/4 - 4*s**3/3 + 5. Let k(t) be the third derivative of w(t). Give k(-5).
1
Let o(z) = 2*z + 3*z + 0*z - 3*z - 2 - z**3 - 4*z**2. Calculate o(-4).
-10
Let g(r) = -2*r + 4. Let m be g(4). Let t(s) = -2*s - 1. Calculate t(m).
7
Let k(s) = -2*s**3 - s**2. Suppose -2*v = -9 + 7. What is k(v)?
-3
Let v(d) be the third derivative of d**4/24 + 5*d**3/3 - 19*d**2. Give v(-6).
4
Suppose z - 2*z = -5. Let q(h) = 11 - 1 + 2 + h**2 - 6*h - 12. What is q(z)?
-5
Let y(b) = -3*b - 7. Let c(d) = 6*d + 13. Let t(x) = -4*c(x) - 7*y(x). What is t(-4)?
9
Suppose 5*h = -u + 8, 5*u + 16 = 3*h - 0*u. Let s(r) = 2 - h - 2 + 2*r. Give s(2).
2
Suppose 2*g + 2 = 4. Let d(c) = c - 1. Determine d(g).
0
Let f(o) be the first derivative of -o**3/3 - o**2 + 5*o + 3. Let t be -8*-1*1/(-2). What is f(t)?
-3
Let w(p) = -3*p**3 + 9*p**2 - 4*p - 13. Let z(x) = 5*x**3 - 17*x**2 + 9*x + 25. Let y(m) = -7*w(m) - 4*z(m). Determine y(-6).
3
Let z(u) be the third derivative of u**5/60 - u**4/8 - u**3/6 - u**2. Let w be (-1 + 3)*3/(-2). Let d be (w - -2)*8/4. Give z(d).
9
Let c(a) = a**2 - 20*a - 22. Let j be c(21). Let u(m) be the second derivative of 3*m**5/20 + m**4/12 + m**3/6 + m**2/2 - m. What is u(j)?
-2
Let q(t) be the second derivative of t**3/3 + 8*t. Let h be (-2)/6*(-27)/3. Give q(h).
6
Let p(t) = -t**3 - 8*t**2 + 9*t - 1. Let k be p(-9). Let n(w) = -w**2 - 2*w. Give n(k).
1
Suppose 0*f = -2*f - 10. Let c(o) = -o - 2. What is c(f)?
3
Let s(u) = u**2 - 8*u + 6 + 0*u + u. Let k(a) = -a**2 - a. Let w(l) = -2*k(l) + s(l). Let d(v) = v**2 - 2*v + 2. Let x(q) = 17*d(q) - 6*w(q). Determine x(-4).
-2
Let b(n) = n - 2. Let j(u) = u. Suppose -2*x + x = 0. Let p be j(x). What is b(p)?
-2
Let m(v) = -v**3 + 2*v + 3. Let n(s) = 2*s**3 - s**2 - 3*s - 7. Let c(r) = -5*m(r) - 2*n(r). Suppose 2*g - 4*g - 6 = 0. Determine c(g).
2
Let o(y) = -5 + y + 2 + 1. Determine o(2).
0
Suppose -5*w + 10 = 0, 0 = u + 2*u - 3*w - 18. Suppose 1 + 2 = n. Suppose -n*g = g - u. Let y(j) = -4*j + 1. Determine y(g).
-7
Suppose 16*m = 39 + 25. Let i(h) = -h**3 + 5*h**2 - h + 2. What is i(m)?
14
Let h(n) = n - 5. Let l(v) = v - 2. Let y be l(0). Let c be (30/20)/((-3)/(-4)). Let o = y + c. Calculate h(o).
-5
Let p(b) = -5*b - 1. Let s be p(-1). Let k(m) be the second derivative of -1/3*m**3 + 3/2*m**2 - 2*m + 0 - 1/20*m**5 + 5/12*m**4. What is k(s)?
11
Let n(t) = t**2 - t + 1. Suppose -5*i + 4 = -6. Let v be n(i). Let g(l) = 2 + l**2 + 1 - v*l - 1. Calculate g(4).
6
Let d(f) = f - 4. Let n(l) = -2*l + 18. Let r be n(13). Let s be (-8)/(-32) + (-62)/r. Suppose 3*o + 9 = 0, 5*b = -o - 3*o + s. What is d(b)?
0
Let t be (-4 + 4)/(2 + -1). Suppose 3*g - 5*u = 11, 3*u + t*u + 7 = 2*g. Let z(o) = -4*o. Give z(g).
-8
Let s(f) = -f + 3. Let p(v) = -v**2 + 11*v + 16. Let o be p(12). Determine s(o).
-1
Suppose -4*h = -3*w + 7*w - 32, 2*w - 19 = -3*h. Let y(g) = -g**2 + g - 1. Calculate y(h).
-7
Let o(b) = 2*b**2 - 7*b + 4. Let m be o(4). Let u = -5 + m. Suppose -1 = -r + u. Let y(l) = l**2 - 4*l - 3. Determine y(r).
-3
Let b(u) = -11*u**3 - 2 + 1 + 12*u**3. Determine b(1).
0
Suppose 0 = -s - 0 - 4. Suppose -n + 4 = -c, 2*c + 3*c - 4 = -3*n. Let z(a) = 4*a + a + 2 + n*a - 9*a. Calculate z(s).
6
Let p(x) = x**2 + 6*x + 7. Let q(n) = -n**3 - n + 3. Let c be q(0). Let h be (-1 + c + -2)/2. Let r(v) = v - 5. Let f be r(h). What is p(f)?
2
Let a = -1 - -4. Let g(l) = -4 + a + 5*l - 13*l. Suppose 2 = -4*j - 2*i, 0*j - i = -2*j - 3. Calculate g(j).
7
Let o = 166 - 176. Let p(r) = r + 6. Give p(o).
-4
Suppose -4 - 11 = -5*z. Suppose -f - z = -1. Let a(c) be the second derivative of c**3/2 - c**2/2 - c. Determine a(f).
-7
Let v(c) = c**3 - 9*c**2 - 10*c + 2. Let f be v(10). Let d(n) be the first derivative of -1/4*n**4 - 1 + 1/3*n**3 - 8*n + 0*n**f. Determine d(0).
-8
Let s(c) = -3*c**3 - 12*c**2 + 5*c + 20. Let a(b) = b**3 + 4*b**2 - 2*b - 7. Let u(g) = -8*a(g) - 3*s(g). Determine u(-4).
-8
Suppose -3*y - 5*i = -31, -4*y + 20 = -4*i - 0*i. Let h(w) = -w + 9. What is h(y)?
2
Suppose -32*d = -26*d - 18. Let b be (-2 - -1)*(-2)/1. Let t(j) = 0 - b + 3*j - j**2 + 0. What is t(d)?
-2
Let q(f) be the first derivative of 2*f**3/3 + 7*f**2/2 - f - 4. Let j(d) = -3*d**2 - 15*d + 2. Let o(x) = -6*j(x) - 13*q(x). Calculate o(1).
-8
Let c(t) = -21*t**2 + 2*t + 3. Let f(w) = -31*w**2 + 3*w + 4. Let u(k) = 7*c(k) - 5*f(k). What is u(1)?
8
Let i(l) be the second derivative of l**5/20 - 5*l**4/12 - l**2 - 36*l. Let b(x) = 2*x + 4. Let k be b(3). Suppose n + n - k = 0. Give i(n).
-2
Let k(r) be the second derivative of r**5/20 + r**4/3 - 5*r**3/6 + r**2 + r. Let y be (-1631)/49 - 2/(-7). Let p = y + 28. Calculate k(p).
2
Let q(l) be the first derivative of l**5/60 - 3*l**4/8 - 5*l**3/3 - 1. Let b(t) be the third derivative of q(t). Give b(6).
3
Suppose 2*c + 0 = 6. Let u(w) = 0 + 2*w**2 - 5*w**2 + w**3 + 1. Determine u(c).
1
Let t(o) be the third derivative of 0*o - o**2 - 1/2*o**3 + 0 + 1/24*o**4. Let g = -4 - 1. Give t(g).
-8
Let h(m) be the second derivative of -2*m**3 - m**2/2 - 2*m. Determine h(-1).
11
Let h be -1*(2 - -1 - -2). Let y(t) be the second derivative of 2/3*t**3 + 1/20*t**5 - t - 3/2*t**2 + 1/2*t**4 + 0. Calculate y(h).
2
Let c(d) = d - 6 + 7 - 4*d + 2*d**2 + d**3. Determine c(2).
11
Let o be (6 + 35/(-10))/(2/4). Let r(y) be the third derivative of -1/60*y**5 - 1/4*y**4 - o*y**2 + 0*y - y**3 + 0. What is r(-4)?
2
Suppose 0 = -3*b + h + 20, -b - b = -2*h - 16. Suppose -f = -b*f. Let a(c) = -c**3 - c. What is a(f)?
0
Suppose 0 = 3*s - 0*d + 5*d - 26, -2 = s - d. Suppose -o - 3 = -s. Let a(j) = 10*j + 7. Let b(t) = -15*t - 11. Let x(q) = 8*a(q) + 5*b(q). What is x(o)?
-4
Let r(h) = -h**3 + 5*h**2 + 6*h - 5. Suppose -i - 14 = -2*i - 4*a, -3*i = -3*a - 12. Let f be r(i). Let p(b) = b**2 + 4*b - 2. Give p(f).
3
Let k(q) = -q**3 - 5*q**2 - 5*q - 5. Suppose 5*r - f + 24 = 0, -5*r = -0*r - 4*f + 36. Calculate k(r).
-1
Let p(o) = -9*o - 7*o**2 - o**3 - 9 + 0 + 2*o**3 + 2*o. Let r be p(8). Let c(f) be the second derivative of -5*f**4/6 - f**3/6 - f**2/2 - 2*f. Give c(r).
-10
Let a = -2 - -1. Let f(z) be the second derivative of z**5/60 + z**3/6 - 2*z**2 - 3*z. Let r(c) be the first derivative of f(c). Calculate r(a).
2
Let c(r) = -r**2 + 8*r + 4. Let j be c(8). Let h(k) = k**3 - 3*k**2 - 8*k - 4. Let g(o) = o**3 - 3*o**2 - 9*o - 4. Let b(m) = 5*g(m) - 6*h(m). Calculate b(j).
0
Let t(z) be the first derivative of z**4/4 + 2*z**3 + z**2/2 + 6*z - 2. What is t(-6)?
0
Let g(c) = c**3 + 6*c**2 + 5*c + 6. Let o be g(-5). Let x(j) = 3*j - 1. Let b(r) = -4*r + 1. Let k(a) = -4*b(a) - 5*x(a). Give k(o).
7
Let i(c) = -2*c**3 + 5*c**2 - 7*c - 7. Let o(h) = 3*h**3 - 7*h**2 + 10*h + 10. Let p(y) = -7*i(y) - 5*o(y). Calculate p(0).
-1
Let p(o) be the second derivative of o**4/6 + o**3/6 - o**2/2 + 28*o. What is p(2)?
9
Let t(m) = m**3 - m**2 - m + 11. Let g = -86 - -86. Determine t(g).
11
Let k(x) be the first derivative of 0*x + 2 - 2/3*x**3 + 1/2*x**2. Determine k(2).
-6
Let d = 0 + 3. Let y = 2 + d. Let u(z) = -1 + y*z**2 + 3 - 3*z**2 + z**3. Determine u(-2).
2
Let c(y) be the third derivative of -y**6/120 + y**5/10 - y**4/6 - 5*y**3/6 + 21*y**2. Determine c(5).
0
Suppose 4*y - h = 10 + 14, -3*h - 30 = -5*y. Let i = y - 10. Let g(v) = 1 - 7 - 4*v**2 + 8*v**2 + 3 - 2*v + v**3. Give g(i).
5
Let k be 6*(3 + 32/(-12)). Let p(x) be the second derivative of -1/12*x**4 + 0 + 1/2*x**2 + 1/3*x**3 + x - 1/20*x**5. Calculate p(k).
-7
Let c(q) = q**2 - 8*q - 1. Let w = -14 + 20. What is c(w)?
-13
Let l(r) = -r + 1. Let f(n) = -4*n + 4. Let m(i) = -2*f(i) + 7*l(i). Suppose q = -2*p + 3, q - 6 = 2*p + 5*q. Determine m(p).
2
Let q(i) = 5*i**2 - 4*i + i**2 - 5*i**2 - 1. Let j = 17 - 10. Let b = -3 + j. Give q(b).
-1
Let g(r) be the first derivative of -1/60*r**5 + 0*r - 5/6*r**3 + 4 + 7/24*r**4 - 3/2*r**2. Let n(y) be the second derivative of g(y). Determine n(4).
7
Let c(q) = 2*q**2 + q + 2. Let y(h) = -h**2. Let s(u) = c(u) + y(u). Suppose -3 